hat is the highest common divisor of 20 and 13990?
10
What is the greatest common factor of 3610 and 5?
5
What is the highest common divisor of 165549 and 834?
417
What is the highest common divisor of 423757 and 38?
19
What is the highest common factor of 6549 and 28143?
177
What is the greatest common factor of 24184 and 24?
8
What is the greatest common factor of 11 and 215699?
11
What is the highest common factor of 266323 and 1712?
107
Calculate the highest common factor of 3096120 and 108.
12
Calculate the highest common factor of 34262 and 222.
74
Calculate the greatest common factor of 50142 and 10614.
366
What is the highest common divisor of 14 and 6727?
7
What is the highest common factor of 252 and 9504?
36
Calculate the greatest common factor of 506457 and 28.
7
Calculate the greatest common factor of 37407 and 2553.
111
What is the greatest common factor of 14178 and 204?
102
What is the highest common factor of 85158 and 1296?
54
Calculate the greatest common factor of 22 and 348766.
22
Calculate the highest common factor of 2614989 and 78.
39
Calculate the greatest common factor of 1272522 and 2136.
534
Calculate the greatest common divisor of 1867 and 9.
1
Calculate the highest common divisor of 1640 and 1809904.
328
What is the greatest common factor of 204 and 285957?
51
Calculate the greatest common divisor of 90504 and 48.
24
What is the highest common divisor of 7686111 and 411?
411
What is the greatest common factor of 1238 and 6129338?
1238
Calculate the highest common factor of 253530 and 1080.
270
What is the greatest common divisor of 453201 and 42?
21
Calculate the highest common factor of 5341 and 12971.
763
What is the greatest common divisor of 95341 and 2881?
67
What is the highest common factor of 112 and 420056?
56
What is the greatest common factor of 4 and 9074?
2
Calculate the highest common factor of 2867 and 613721.
61
What is the greatest common divisor of 180935 and 45?
5
What is the greatest common divisor of 520 and 43420?
260
What is the greatest common divisor of 45 and 156735?
45
Calculate the highest common divisor of 5038 and 2816.
22
What is the highest common divisor of 17 and 23477?
17
Calculate the highest common divisor of 478805 and 170.
85
What is the greatest common divisor of 3690 and 2010?
30
What is the greatest common factor of 95 and 2199326?
19
Calculate the greatest common divisor of 112 and 6883352.
56
What is the greatest common divisor of 7220 and 57?
19
Calculate the greatest common divisor of 24300 and 23625.
675
Calculate the greatest common divisor of 324 and 63396.
108
What is the greatest common factor of 2007 and 303726?
669
What is the greatest common factor of 530 and 10388?
106
What is the highest common divisor of 4970 and 1820?
70
Calculate the greatest common divisor of 49442 and 826.
118
What is the greatest common factor of 37666 and 592?
74
Calculate the greatest common divisor of 2805 and 5.
5
Calculate the highest common divisor of 280 and 5285.
35
Calculate the greatest common divisor of 16 and 14072.
8
What is the highest common factor of 22 and 110070?
2
What is the highest common factor of 16199 and 1169?
167
Calculate the highest common divisor of 208 and 160784.
208
What is the greatest common factor of 781 and 60776?
71
Calculate the highest common factor of 24 and 1946424.
24
Calculate the greatest common divisor of 300 and 244050.
150
What is the greatest common factor of 60544 and 25628?
172
What is the highest common factor of 1077872 and 11339?
667
What is the greatest common factor of 134784 and 3276?
468
Calculate the greatest common divisor of 56 and 67956.
28
What is the greatest common factor of 10287 and 6731?
127
Calculate the greatest common divisor of 1182 and 354.
6
Calculate the greatest common factor of 432 and 51024.
48
What is the greatest common factor of 10901 and 242?
11
Calculate the greatest common factor of 3053 and 11524.
43
What is the greatest common divisor of 872 and 42946?
218
What is the highest common divisor of 99 and 243177?
33
Calculate the highest common factor of 783272 and 4.
4
What is the greatest common divisor of 268144 and 16?
16
Calculate the highest common divisor of 39547 and 142.
71
Calculate the greatest common factor of 145279 and 655.
131
Calculate the highest common factor of 48 and 3431592.
24
What is the greatest common divisor of 1520445 and 30?
15
What is the greatest common factor of 209370 and 420?
210
What is the highest common factor of 26 and 36933?
13
What is the highest common divisor of 3801 and 5792?
181
What is the highest common divisor of 1345021 and 241?
241
What is the highest common factor of 496 and 3264?
16
What is the highest common divisor of 17 and 15725?
17
Calculate the highest common divisor of 134 and 4008878.
134
What is the greatest common divisor of 190080 and 7560?
1080
Calculate the greatest common factor of 20 and 29644.
4
What is the highest common factor of 2675 and 200?
25
Calculate the highest common factor of 90 and 49365.
45
What is the highest common factor of 3051 and 117?
9
What is the highest common factor of 48093 and 21505?
391
Calculate the highest common divisor of 4968 and 1080.
216
Calculate the highest common factor of 37 and 31783.
37
What is the highest common factor of 184 and 51382?
46
Calculate the highest common factor of 180435 and 690.
345
Calculate the highest common factor of 34 and 132277.
17
What is the highest common factor of 340 and 13130?
10
What is the highest common divisor of 242 and 318?
2
What is the highest common divisor of 437 and 1679?
23
What is the highest common divisor of 4116 and 17780?
28
Calculate the greatest common divisor of 30537 and 312.
39
Calculate the highest common divisor of 70335 and 25.
5
Calculate the highest common divisor of 28 and 12395096.
28
Calculate the greatest common divisor of 235 and 11609.
47
Calculate the greatest common divisor of 24673 and 154.
11
What is the greatest common factor of 5130 and 11070?
270
Calculate the highest common divisor of 36 and 44442.
18
Calculate the highest common divisor of 18437 and 824.
103
Calculate the greatest common divisor of 443350 and 200.
50
What is the greatest common divisor of 3025 and 12463?
121
Calculate the highest common factor of 54 and 750249.
27
What is the highest common divisor of 31623 and 6723?
249
Calculate the greatest common factor of 253 and 21989.
11
Calculate the highest common factor of 25651 and 904.
113
What is the highest common factor of 156389 and 19?
19
What is the highest common divisor of 431684 and 286?
22
What is the highest common divisor of 961389 and 110?
11
Calculate the greatest common divisor of 750 and 18906.
6
What is the greatest common factor of 13178 and 3806?
22
What is the highest common divisor of 7694 and 2?
2
What is the greatest common factor of 15702 and 6?
6
What is the greatest common factor of 54 and 13506?
6
Calculate the greatest common factor of 64467 and 204421.
551
What is the highest common factor of 92082 and 6180?
618
What is the greatest common divisor of 50304 and 93312?
384
Calculate the highest common divisor of 1595 and 166199.
319
Calculate the highest common divisor of 2 and 344534.
2
Calculate the greatest common factor of 158610 and 408.
102
Calculate the highest common divisor of 737 and 32227.
67
Calculate the greatest common divisor of 6 and 312812.
2
Calculate the greatest common divisor of 8490494 and 53.
53
Calculate the highest common divisor of 14436 and 162.
18
What is the greatest common factor of 21743 and 194408?
1279
Calculate the highest common divisor of 58513 and 39.
13
Calculate the greatest common factor of 7610 and 10.
10
Calculate the greatest common divisor of 378 and 1135323.
189
What is the greatest common divisor of 7042 and 63?
7
What is the greatest common divisor of 4060 and 1827?
203
What is the highest common divisor of 1005876 and 36?
36
Calculate the highest common divisor of 3253146 and 26.
26
What is the highest common divisor of 74236 and 536?
268
Calculate the greatest common divisor of 104950 and 100.
50
Calculate the highest common factor of 145568 and 128.
32
What is the highest common divisor of 62972 and 2768?
692
What is the greatest common diviso